f 71313758.
2, 47, 61, 12437
List the prime factors of 730479452.
2, 41, 47, 97, 977
List the prime factors of 6842740.
2, 5, 163, 2099
List the prime factors of 3231246142.
2, 383, 1489, 2833
List the prime factors of 36373827.
3, 7, 349, 709
What are the prime factors of 2013226023?
3, 29, 2131, 10859
List the prime factors of 129139585.
5, 811, 31847
What are the prime factors of 4313545158?
2, 3, 13, 31, 113, 15787
What are the prime factors of 126646705?
5, 227, 241, 463
What are the prime factors of 414075564?
2, 3, 7, 41, 61, 73
What are the prime factors of 6662893?
23, 43, 6737
List the prime factors of 1710974018.
2, 13, 65806693
List the prime factors of 281100388.
2, 23, 3055439
List the prime factors of 6102355.
5, 7, 79, 2207
List the prime factors of 74600833.
1321, 56473
List the prime factors of 475788299.
7, 17, 3998221
List the prime factors of 6450033093.
3, 7, 251, 1223683
List the prime factors of 104966599.
104966599
List the prime factors of 207165198.
2, 3, 34527533
List the prime factors of 894298449.
3, 11, 4799, 5647
What are the prime factors of 1420662122?
2, 11, 43, 181, 8297
What are the prime factors of 138750097?
1019, 136163
List the prime factors of 94150202.
2, 47075101
List the prime factors of 106034492.
2, 83, 277, 1153
What are the prime factors of 192771868?
2, 48192967
What are the prime factors of 195431767?
195431767
What are the prime factors of 112507314?
2, 3, 18751219
List the prime factors of 71563036.
2, 17890759
What are the prime factors of 62429562?
2, 3, 13, 113, 787
What are the prime factors of 335411659?
11, 30491969
What are the prime factors of 783452139?
3, 29, 9005197
List the prime factors of 69166873.
5197, 13309
List the prime factors of 42778188.
2, 3, 17, 69899
What are the prime factors of 106907457?
3, 127, 280597
List the prime factors of 22347707.
17, 1314571
What are the prime factors of 178013115?
3, 5, 7, 163, 3467
What are the prime factors of 178086969?
3, 19787441
List the prime factors of 51973494.
2, 3, 8662249
What are the prime factors of 1466743673?
1091, 1344403
List the prime factors of 1001971258.
2, 607, 825347
List the prime factors of 435323314.
2, 43, 1193, 4243
What are the prime factors of 250632441?
3, 283, 32801
List the prime factors of 108535708.
2, 27133927
List the prime factors of 690415177.
199, 449, 7727
List the prime factors of 23493165.
3, 5, 1566211
List the prime factors of 113395771.
29, 1879, 2081
What are the prime factors of 832530098?
2, 416265049
What are the prime factors of 8918559685?
5, 7, 254815991
What are the prime factors of 135434238?
2, 3, 773, 29201
What are the prime factors of 287831483?
287831483
List the prime factors of 8155182558.
2, 3, 1359197093
What are the prime factors of 1708496374?
2, 13, 379, 13337
What are the prime factors of 234731915?
5, 11, 311, 13723
What are the prime factors of 94275736?
2, 347, 33961
What are the prime factors of 266085104?
2, 131, 126949
List the prime factors of 3062386.
2, 557, 2749
List the prime factors of 1296148864.
2, 10126163
List the prime factors of 193296712.
2, 7, 47, 271
What are the prime factors of 313838890?
2, 5, 31383889
List the prime factors of 25143823.
107, 234989
List the prime factors of 4396602446.
2, 41, 53617103
List the prime factors of 26043644.
2, 11, 591901
List the prime factors of 528332525.
5, 7, 19, 8363
What are the prime factors of 78463638?
2, 3, 11, 53, 7477
List the prime factors of 475891525.
5, 1549, 12289
What are the prime factors of 5645488?
2, 23, 29
What are the prime factors of 1588338663?
3, 529446221
List the prime factors of 1430844662.
2, 13, 263, 209249
List the prime factors of 2319468251.
379, 6119969
What are the prime factors of 134014664?
2, 7, 2393119
What are the prime factors of 262762280?
2, 5, 11, 347, 1721
What are the prime factors of 32118285?
3, 5, 2141219
List the prime factors of 101949967.
7, 139, 104779
What are the prime factors of 50962175?
5, 11, 17, 991
What are the prime factors of 250074674?
2, 125037337
What are the prime factors of 372540526?
2, 3079, 60497
List the prime factors of 4849182155.
5, 433, 2239807
What are the prime factors of 158256417?
3, 11, 17, 282097
List the prime factors of 786732239.
17, 46278367
What are the prime factors of 4138741208?
2, 7, 277, 367, 727
List the prime factors of 376388809.
97, 853, 4549
List the prime factors of 898188781.
7, 577, 222379
List the prime factors of 318721098.
2, 3, 5233, 10151
What are the prime factors of 1517100899?
37, 67, 563, 1087
What are the prime factors of 54449137?
43, 1266259
What are the prime factors of 804377453?
11, 151, 163, 2971
What are the prime factors of 72235760?
2, 5, 229, 3943
List the prime factors of 7569383741.
773, 9792217
List the prime factors of 1280671699.
379, 877, 3853
What are the prime factors of 414942308?
2, 11, 9430507
What are the prime factors of 318216680?
2, 5, 7955417
What are the prime factors of 2071137713?
2071137713
List the prime factors of 1919162.
2, 7, 29, 163
List the prime factors of 52457486.
2, 26228743
List the prime factors of 165275352.
2, 3, 11, 61, 311
List the prime factors of 36206693.
36206693
List the prime factors of 184097432.
2, 23012179
List the prime factors of 62520193.
73, 856441
List the prime factors of 1372580495.
5, 11, 13, 1919693
What are the prime factors of 1677643858?
2, 11, 76256539
List the prime factors of 22937496.
2, 3, 955729
List the prime factors of 361220279.
7, 73, 103, 6863
List the prime factors of 244019271.
3, 8311, 9787
List the prime factors of 953983644.
2, 3, 337, 235901
List the prime factors of 4440289435.
5, 43, 383, 53923
List the prime factors of 158859336.
2, 3, 6619139
List the prime factors of 927356729.
13, 131, 544543
What are the prime factors of 3504378512?
2, 219023657
What are the prime factors of 5575551600?
2, 3, 5, 29, 160217
What are the prime factors of 5346514?
2, 2673257
What are the prime factors of 45901273?
11, 97, 43019
List the prime factors of 253954112.
2, 139, 28547
What are the prime factors of 402824081?
11, 79, 463549
List the prime factors of 3814165831.
7, 23, 37, 73, 179
What are the prime factors of 41204596?
2, 10301149
What are the prime factors of 76318428?
2, 3, 101, 62969
What are the prime factors of 152740404?
2, 3, 197, 2393
List the prime factors of 8694788.
2, 41, 53017
List the prime factors of 493624485.
3, 5, 109, 157, 641
List the prime factors of 127559444.
2, 1031, 30931
List the prime factors of 2893426316.
2, 11, 17, 59, 65563
What are the prime factors of 11148211?
37, 301303
List the prime factors of 749906357.
22921, 32717
What are the prime factors of 685633644?
2, 3, 3853, 4943
List the prime factors of 3565192613.
19979, 178447
List the prime factors of 42613147.
42613147
What are the prime factors of 1023607215?
3, 5, 1039, 21893
What are the prime factors of 557917?
673, 829
List the prime factors of 219634680.
2, 3, 5, 19, 96331
List the prime factors of 832076658.
2, 3, 7, 23, 95707
List the prime factors of 108979920.
2, 3, 5, 7, 3089
What are the prime factors of 688901520?
2, 3, 5, 23, 37, 3373
List the prime factors of 903257652.
2, 3, 11, 6842861
List the prime factors of 32478588.
2, 3, 43, 20981
What are the prime factors of 730750133?
730750133
List the prime factors of 957420851.
227, 4217713
List the prime factors of 1103054397.
3, 37, 1123, 8849
List the prime factors of 6242115779.
6242115779
What are the prime factors of 532994113?
18199, 29287
List the prime factors of 25061084.
2, 6265271
What are the prime factors of 691772668?
2, 172943167
What are the prime factors of 42076803?
3, 14025601
List the prime factors of 77165420.
2, 5, 367, 10513
What are the prime factors of 2628026?
2, 23, 57131
What are the prime factors of 75154455?
3, 5, 23, 72613
What are the prime factors of 109835274?
2, 3, 18305879
List the prime factors of 30551282.
2, 107, 367, 389
List the prime factors of 7135699.
17, 24691
What are the prime factors of 71628604?
2, 661, 27091
List the prime factors of 358913991.
3, 43, 2782279
What are the prime factors of 47485568?
2, 13, 28537
List the prime factors of 189138565.
5, 7, 11, 223, 2203
What are the prime factors of 4196470679?
109, 38499731
Wh